{"id":59085,"date":"2026-03-20T13:34:25","date_gmt":"2026-03-20T12:34:25","guid":{"rendered":"https:\/\/secoli.com\/eventi-w\/copia-di-copia-di-jornada-de-puertas-abiertas-hibrida-milan-7-de-marzo\/open-class-modellistica-18-de-abril\/"},"modified":"2026-03-27T10:57:33","modified_gmt":"2026-03-27T09:57:33","slug":"open-class-modellistica-18-de-abril","status":"publish","type":"eventow","link":"https:\/\/secoli.com\/es\/eventi-w\/copia-di-copia-di-jornada-de-puertas-abiertas-hibrida-milan-7-de-marzo\/open-class-modellistica-18-de-abril\/","title":{"rendered":"OPEN CLASS MODELLISTICA | 18 DE ABRIL"},"content":{"rendered":"\n<p><strong>\u00a1Inscr\u00edbase a la Open Class de Modellistica de Istituto Secoli!<\/strong><\/p>\n\n<p>Complete el formulario y participe en la Open Class del 18 de abril <strong>presencialmente<\/strong> en la sede central de Istituto Secoli en Mil\u00e1n o bien <strong>en remoto<\/strong> a trav\u00e9s de la plataforma Google Meet.<\/p>\n\n<p>Una oportunidad \u00fanica para descubrir de cerca nuestros cursos, conocer a los docentes y vivir la experiencia Secoli.<\/p>\n\n<p><\/p>\n","protected":false},"excerpt":{"rendered":"<p>\u00a1Inscr\u00edbase a la Open Class de Modellistica de Istituto Secoli! Complete el formulario y participe en la Open Class del 18 de abril presencialmente en la sede central de Istituto Secoli en Mil\u00e1n o bien en remoto a trav\u00e9s de la plataforma Google Meet. Una oportunidad \u00fanica para descubrir de cerca nuestros cursos, conocer a [&hellip;]<\/p>\n","protected":false},"featured_media":0,"parent":58810,"menu_order":0,"template":"","categoria_evento":[174],"class_list":["post-59085","eventow","type-eventow","status-publish","hentry","categoria_evento-open-class"],"acf":[],"_links":{"self":[{"href":"https:\/\/secoli.com\/es\/wp-json\/wp\/v2\/eventow\/59085","targetHints":{"allow":["GET"]}}],"collection":[{"href":"https:\/\/secoli.com\/es\/wp-json\/wp\/v2\/eventow"}],"about":[{"href":"https:\/\/secoli.com\/es\/wp-json\/wp\/v2\/types\/eventow"}],"version-history":[{"count":1,"href":"https:\/\/secoli.com\/es\/wp-json\/wp\/v2\/eventow\/59085\/revisions"}],"predecessor-version":[{"id":59086,"href":"https:\/\/secoli.com\/es\/wp-json\/wp\/v2\/eventow\/59085\/revisions\/59086"}],"up":[{"embeddable":true,"href":"https:\/\/secoli.com\/es\/wp-json\/wp\/v2\/eventow\/58810"}],"wp:attachment":[{"href":"https:\/\/secoli.com\/es\/wp-json\/wp\/v2\/media?parent=59085"}],"wp:term":[{"taxonomy":"categoria_evento","embeddable":true,"href":"https:\/\/secoli.com\/es\/wp-json\/wp\/v2\/categoria_evento?post=59085"}],"curies":[{"name":"wp","href":"https:\/\/api.w.org\/{rel}","templated":true}]}}

<p><strong>¡Inscríbase a la Open Class de Modellistica de Istituto Secoli!</strong></p>

<p>Complete el formulario y participe en la Open Class del 18 de abril <strong>presencialmente</strong> en la sede central de Istituto Secoli en Milán o bien <strong>en remoto</strong> a través de la plataforma Google Meet.</p>

<p>Una oportunidad única para descubrir de cerca nuestros cursos, conocer a los docentes y vivir la experiencia Secoli.</p>

<p></p>

<p>¡Inscríbase a la Open Class de Modellistica de Istituto Secoli! Complete el formulario y participe en la Open Class del 18 de abril presencialmente en la sede central de Istituto Secoli en Milán o bien en remoto a través de la plataforma Google Meet. Una oportunidad única para descubrir de cerca nuestros cursos, conocer a [&hellip;]</p>
